74?
False
Does 151 divide 148398?
False
Is 19614920 a multiple of 1340?
True
Is 1150920 a multiple of 417?
True
Is 493442 a multiple of 46?
True
Is 11254722 a multiple of 41?
False
Is 20172 a multiple of 3?
True
Does 223 divide 1132224?
False
Does 65 divide 148005?
True
Is 44 a factor of 2718470?
False
Is 49 a factor of 2246307?
True
Is 745668 a multiple of 66?
True
Is 18 a factor of 582533?
False
Is 27 a factor of 518211?
True
Is 22188012 a multiple of 20?
False
Does 31 divide 2187307?
False
Does 36 divide 5492991?
False
Is 6 a factor of 17946?
True
Is 1270719 a multiple of 521?
True
Is 15 a factor of 1119017?
False
Does 7 divide 14689516?
False
Is 26 a factor of 27367962?
False
Does 548 divide 365516?
True
Does 331 divide 917860?
False
Is 57 a factor of 41730?
False
Does 8 divide 2163104?
True
Does 22 divide 20728?
False
Is 7 a factor of 170045?
False
Does 9 divide 3609415?
False
Is 9145266 a multiple of 507?
True
Is 4 a factor of 349390?
False
Is 116426 a multiple of 5?
False
Does 63 divide 115479?
True
Is 487746 a multiple of 18?
True
Is 2728061 a multiple of 331?
False
Is 193 a factor of 14168673?
False
Does 116 divide 342060?
False
Does 13 divide 313819?
False
Does 37 divide 721426?
True
Is 18 a factor of 66084?
False
Does 13 divide 6621593?
False
Is 10 a factor of 1266570?
True
Does 22 divide 10997404?
True
Is 6236178 a multiple of 26?
True
Does 9 divide 738873?
True
Is 158553 a multiple of 5?
False
Is 436774 a multiple of 314?
True
Is 448 a factor of 874944?
True
Is 22368 a multiple of 24?
True
Is 138 a factor of 5471976?
True
Is 42973 a multiple of 249?
False
Does 124 divide 350176?
True
Is 20 a factor of 5840?
True
Does 157 divide 12510545?
True
Does 17 divide 233529?
True
Is 12 a factor of 11713380?
True
Is 28087 a multiple of 12?
False
Is 329 a factor of 1317601?
False
Is 5761600 a multiple of 130?
True
Is 2 a factor of 9615?
False
Is 27 a factor of 71550?
True
Is 486690 a multiple of 544?
False
Does 10 divide 7483111?
False
Is 9 a factor of 64695?
False
Is 70 a factor of 6555162?
False
Does 5 divide 5860423?
False
Does 799 divide 824568?
True
Is 7 a factor of 17450?
False
Is 183 a factor of 95701?
False
Is 188147 a multiple of 28?
False
Is 28785 a multiple of 57?
True
Is 192 a factor of 281472?
True
Is 749 a factor of 20181056?
True
Does 260 divide 616640?
False
Is 47002 a multiple of 3?
False
Is 58 a factor of 47908?
True
Does 517 divide 11150656?
True
Is 10259312 a multiple of 16?
True
Is 14778 a multiple of 33?
False
Is 473659 a multiple of 36?
False
Is 61 a factor of 136902?
False
Is 40663 a multiple of 3?
False
Is 2450050 a multiple of 276?
False
Is 118 a factor of 42480?
True
Is 2463928 a multiple of 4?
True
Is 43 a factor of 10670019?
False
Does 29 divide 382858?
True
Does 10 divide 712792?
False
Is 235 a factor of 170881?
False
Is 230286 a multiple of 21?
True
Is 46699 a multiple of 17?
True
Is 493795 a multiple of 11?
False
Is 13 a factor of 912925?
True
Is 173395 a multiple of 19?
False
Is 141080 a multiple of 6?
False
Is 1298808 a multiple of 27?
True
Does 39 divide 98661?
False
Does 9 divide 26178012?
True
Does 6 divide 80370?
True
Does 483 divide 12227145?
True
Is 48833 a multiple of 139?
False
Is 109890 a multiple of 8?
False
Is 1328411 a multiple of 20?
False
Is 105246 a multiple of 27?
True
Is 15 a factor of 2552056?
False
Is 378972 a multiple of 87?
True
Is 5458064 a multiple of 10?
False
Does 34 divide 6940590?
True
Does 12 divide 590484?
True
Is 53298 a multiple of 7?
True
Is 6033963 a multiple of 3?
True
Does 11 divide 364034?
True
Is 1954264 a multiple of 14?
False
Is 33779 a multiple of 22?
False
Is 911 a factor of 1150243?
False
Is 693163 a multiple of 195?
False
Is 888723 a multiple of 273?
False
Does 15 divide 14615011?
False
Is 2 a factor of 11183?
False
Does 149 divide 118575?
False
Is 18 a factor of 1950750?
True
Does 1278 divide 14421700?
False
Is 127 a factor of 618376?
False
Is 31 a factor of 11514609?
True
Is 1841800 a multiple of 25?
True
Does 111 divide 17037?
False
Does 436 divide 1314976?
True
Is 4567185 a multiple of 1215?
True
Is 115 a factor of 11331295?
True
Is 13630487 a multiple of 689?
True
Does 174 divide 15759?
False
Is 276 a factor of 127512?
True
Is 16 a factor of 868940?
False
Is 107711 a multiple of 55?
False
Is 81801 a multiple of 39?
False
Is 195670 a multiple of 170?
True
Does 18 divide 708955?
False
Does 9 divide 276174?
True
Does 81 divide 252396?
True
Is 33 a factor of 89641?
False
Is 171760 a multiple of 84?
False
Is 3316261 a multiple of 39?
False
Is 25 a factor of 5184250?
True
Does 115 divide 233220?
True
Is 197299 a multiple of 360?
False
Is 303 a factor of 711141?
True
Is 26 a factor of 3711734?
True
Does 10 divide 504614?
False
Is 1086 a factor of 1225924?
False
Is 6624760 a multiple of 580?
True
Does 1222 divide 2971897?
False
Does 20 divide 12954366?
False
Is 235 a factor of 544889?
False
Is 2589600 a multiple of 10?
True
Does 46 divide 65228?
True
Does 16 divide 9088061?
False
Is 2185232 a multiple of 218?
True
Is 3919793 a multiple of 39?
False
Is 2673496 a multiple of 299?
False
Is 15 a factor of 25073?
False
Does 17 divide 422978?
False
Is 2829554 a multiple of 7?
True
Is 6840288 a multiple of 12?
True
Is 314581 a multiple of 3?
False
Is 6 a factor of 378115?
False
Is 202055 a multiple of 161?
True
Is 8637717 a multiple of 519?
True
Does 13 divide 261433?
False
Does 10 divide 3749880?
True
Does 17 divide 33227?
False
Does 8 divide 31155?
False
Is 823604 a multiple of 42?
False
Does 165 divide 1218855?
True
Does 118 divide 374886?
True
Does 690 divide 2184407?
False
Is 24365523 a multiple of 273?
True
Is 60 a factor of 601140?
True
Does 133 divide 3758?
False
Is 616 a factor of 6280710?
False
Does 11 divide 1963962?
True
Is 166 a factor of 838798?
True
Is 45 a factor of 1330830?
True
Is 144 a factor of 401497?
False
Does 33 divide 503514?
True
Is 4290 a multiple of 66?
True
Does 239 divide 144117?
True
Does 2 divide 3334390?
True
Is 2125332 a multiple of 99?
True
Is 960153 a multiple of 813?
True
Is 224581 a multiple of 45?
False
Does 13 divide 843046?
False
Is 136889 a multiple of 203?
False
Does 95 divide 12438647?
False
Is 84963 a multiple of 127?
True
Is 1426146 even?
True
Does 292 divide 9382836?
True
Is 1201717 a multiple of 107?
True
Does 66 divide 141702?
True
Is 72007 a multiple of 343?
False
Does 17 divide 7602532?
False
Is 320105 a multiple of 8?
False
Does 174 divide 110348?
False
Does 63 divide 244503?
True
Is 2 a factor of 4115?
False
Is 11830855 a multiple of 26?
False
Is 76 a factor of 374680?
True
Is 82 a factor of 4205862?
True
Is 434 a factor of 697650?
False
Is 98 a factor of 1508318?
True
Does 88 divide 96360?
True
Does 8 divide 341136?
True
Is 1077068 a multiple of 54?
False
Does 55 divide 1079045?
True
Is 81545 a multiple of 3?
False
Does 17 divide 3511673?
True
Does 886 divide 1158254?
False
Does 23 divide 301277?
True
Is 45 a factor of 811286?
False
Is 3630758 a multiple of 772?
False
Does 27 divide 570861?
True
Does 167 divide 3166153?
True
Is 7 a factor of 1185338?
True
Does 72 divide 29376?
True
Is 2198163 a multiple of 59?
True
Does 38 divide 115079?
False
Is 5737 a multiple of 7?
False
Does 9 divide 2137628?
False
Is 46207 a multiple of 49?
True
Is 2532812 a multiple of 715?
False
Is 2 a factor of 131974?
True
Does 22 divide 6667804?
True
Does 60 divide 12240?
True
Is 1118 a factor of 5527392?
True
Is 4659083 a multiple of 403?
True
Is 26 a factor of 12687662?
True
Does 31 divide 220968?
True
Is 316050 a multiple of 10?
True
Does 182 divide 407271?
False
Is 312323 a multiple of 11?
True
Is 9908488 a multiple of 63?
False
Is 3632617 a multiple of 432?
False
Is 193487 a multiple of 154?
False
Is 532654 a multiple of 229?
True
Does 19 divide 9196?
True
Does 325 divide 2288975?
True
Does 67 divide 168840?
True
Is 1886000 a multiple of 368?
True
Is 2186613 a multiple of 11?
True
Does 57 divide 564471?
True
Is 25 a factor of 900500?
True
Is 1079010 a multiple of 30?
True
Does 351 divide 5455455?
False
Is 31 a factor of 79333?
False
Is 52447 a multiple of 6?
False
Does 7 divide 42854?
True
Is 304890 a multiple of 100?
False
Is 298 a factor of 10541?
False
Does 19 divide 57190?
True
Does 25 divide 12296076?
False
Is 9878657 a multiple of 